test common factor of h and 15.
15
Let w(y) = y**2 + 4*y - 2. Let k = -5 - -9. Let h be w(k). Calculate the highest common divisor of h and 45.
15
Let i be ((-4)/(-10))/(3/15). Let g(q) = -q + 10 + 0*q - i. Let s be g(0). What is the greatest common divisor of 88 and s?
8
Let l(g) = -14*g**2 + 4*g + 7. Let r(m) = m**2 - m - 1. Let h(p) = -l(p) - 6*r(p). Let i be h(-3). Calculate the highest common factor of i and 26.
13
Let z be (-2)/(-4)*(28 - 0). Let l = 21 - z. Let j = 11 - l. Calculate the greatest common factor of j and 4.
4
Let g = -25 - -39. Suppose -2*c = 5*i + 3*c - 150, -5*c + 94 = 3*i. What is the highest common factor of i and g?
14
Let g = 0 + 0. Let y = 5 + g. Suppose 0*k - 2*s + 53 = 3*k, 0 = 4*k + y*s - 73. Calculate the greatest common divisor of k and 85.
17
Let t = -16 + 45. Suppose -4*b = 3*m + m - 20, -t = -3*m + 4*b. Calculate the greatest common factor of 28 and m.
7
Let u(c) = 40*c**3 - 2*c + 1. Let d be u(1). What is the highest common factor of d and 13?
13
Suppose 0 = s - 4 + 2. Let n be (0 + -2)/(8/4). Let q be (-1 + 0)/(n/22). Calculate the greatest common factor of q and s.
2
Suppose -4*a - 3*y = 6, 10 = 5*a - a - 5*y. Suppose a*l + 2*l = 80. Calculate the greatest common divisor of l and 8.
8
Let a(x) = x**2 - 3. Let c be a(-6). Let z be (5 - 0)*18/30. Calculate the greatest common factor of z and c.
3
Let u be 48/(0 + (-3)/(-2)). Suppose 5*j = 3*j + 3*r + 4, 2*r - u = -3*j. Calculate the greatest common factor of j and 8.
8
Let t be (-4 - -5) + 37 + 2. Calculate the highest common divisor of t and 160.
40
Suppose -x + 3*d = 3, -d - 2 = 4*x + 10. Let r(k) = -8*k - 4. Let u be r(x). Suppose 177 = 86*q - 253. What is the greatest common factor of u and q?
5
Let b(m) = 32*m**3 + 2*m + 1. Let o be b(-1). Let s = 0 + 4. Let n be 3*s/6 - o. What is the highest common divisor of 5 and n?
5
Let k(j) = 47*j**2 - j + 3. Let p be k(-3). What is the highest common factor of p and 39?
39
Let k(m) = 30*m**2 + 3*m + 3. Let w be k(-3). Calculate the highest common factor of w and 24.
24
Let j(d) = -d**2 - d. Let n(s) = s**3 - 4*s**2 - 3*s - 4. Let a(o) = -3*j(o) + n(o). Let q be a(3). What is the greatest common factor of 14 and q?
14
Suppose 0*f - 4 = -f, 56 = 4*w + 5*f. Calculate the greatest common divisor of w and 27.
9
Let s be 2/(-6) + (-316)/(-12). Suppose -2*g = -s + 2. What is the greatest common factor of g and 4?
4
Let v = 19 + -1. Suppose p + 14 = g + 3*p, g + p = v. What is the highest common factor of 55 and g?
11
Suppose 0 = -x - x - 2. Let l be (-5)/(-5)*(5 + x). Calculate the highest common factor of l and 8.
4
Let r be ((-78)/(2/2))/(-1). Calculate the highest common divisor of r and 52.
26
Suppose -90 = 3*a - 8*a. What is the highest common divisor of 126 and a?
18
Let l = 35 - 34. What is the greatest common divisor of l and 8?
1
Suppose -2*o - 6 = -4*o. Let g = o + 1. Suppose 5*t - 63 + 18 = 5*n, -2*t = -g*n - 14. Calculate the greatest common factor of t and 77.
11
Suppose 0 = -z - z. Suppose z = 4*x - 5 + 1. Let n be (-3)/6 - (-69)/6. What is the highest common factor of n and x?
1
Let l = 44 + -12. Let v = 42 + -34. What is the greatest common factor of l and v?
8
Let j = -5 + 8. Let o be 4 - -31 - (-2 - -4). Calculate the greatest common divisor of j and o.
3
Let m = 153 - -23. Suppose 16 = -2*x + 3*x. What is the greatest common divisor of x and m?
16
Let w(y) = -y**2 + y + 21. Let c be w(0). Calculate the highest common factor of 7 and c.
7
Let c(g) = -g**2 - 12*g + 9. Let z(f) = -f**2 - 11*f + 8. Let w(k) = 3*c(k) - 4*z(k). Let b be w(-10). What is the greatest common factor of 45 and b?
15
Suppose 0*j + 3*j = 24. Let g(d) = 2*d - 12. Let o be g(j). What is the greatest common divisor of 8 and o?
4
Let m(a) = a**2 - 3*a - 14. Let v be m(6). Calculate the greatest common factor of 1 and v.
1
Let j be 4/2 + -2 - -49. Suppose -2*n + 0*n = v - j, n + 3*v - 27 = 0. Calculate the greatest common factor of n and 16.
8
Suppose 228 = 4*v - 0*v + 4*u, -2*u - 271 = -5*v. What is the greatest common divisor of v and 22?
11
Let g(x) = -x**2 + 13 - 4*x**3 + 2*x**3 - x + 12 + x**3. Let u be g(0). Let h be ((-30)/u)/((-1)/15). What is the greatest common factor of 9 and h?
9
Suppose -27*t + 39 = -24*t. What is the greatest common factor of t and 143?
13
Let i = 22 + 10. What is the highest common divisor of i and 4?
4
Suppose w - 4*b - 386 = 0, -3*w - 2*b + 570 = -658. Calculate the greatest common divisor of 58 and w.
58
Suppose v = -5*c - 13, 16 - 6 = -2*c. Suppose -r + 27 = 3*p - 14, -p - 2*r = -v. What is the greatest common factor of 28 and p?
14
Let t be 4/10 - 46/(-10). Suppose -t*x - 285 = -4*h - 2*x, 5*h = 3*x + 357. What is the highest common divisor of 9 and h?
9
Let u = 240 - 225. Suppose 5*c - 3*c + 4 = -5*r, 9 = c - 3*r. Calculate the greatest common factor of c and u.
3
Let c be (0 + 1)*(3 - 3). Let d be (c + 1 + 0)*66. What is the greatest common divisor of 6 and d?
6
Suppose -v = -4*x + 5, -x + 11 = -3*v + 6*v. Let w be (-21)/(-14)*3*x. Calculate the greatest common divisor of 36 and w.
9
Let u be (2 - (1 - 5)) + -1. Suppose u*r = 5 + 5. Let f = -20 + 25. Calculate the highest common factor of f and r.
1
Let v = -26 - -37. What is the highest common factor of 11 and v?
11
Let b(u) = -u**2 - 3*u - 1. Let m be b(-1). Let a = m - -1. Suppose 3 + a = p. What is the greatest common divisor of p and 1?
1
Let g be (28/6)/(22/33). Let u = g - 3. Calculate the highest common divisor of u and 1.
1
Let r be 1/((2 - -2)/64). Calculate the highest common divisor of r and 32.
16
Suppose 0 = h - 16 - 68. Calculate the highest common factor of 21 and h.
21
Let i(w) = 12*w - 16. Let q be i(13). Let f = -80 + q. Calculate the greatest common divisor of f and 12.
12
Let o(h) = h**2 + h. Let x be -1 + (-4)/(-2)*-2. Let z be o(x). Suppose 4*v - c - 202 = -v, -3*c - 6 = 0. What is the highest common factor of z and v?
20
Suppose 0 = -2*t - 3*t + 375. What is the highest common factor of t and 15?
15
Let b(n) = -n**2 - 13*n + 5. Let x be b(-11). What is the greatest common factor of x and 54?
27
Let z = 2 + 1. Calculate the highest common factor of z and 12.
3
Let n(z) be the first derivative of -z**2/2 - 4*z + 1. Let a be n(-6). Suppose -4 = 4*k, -a*m + 5*m + 3*k = 9. What is the greatest common factor of 16 and m?
4
Suppose -2*z = -6*z + 336. What is the highest common divisor of 12 and z?
12
Suppose 187 + 238 = 5*l. Let g = -22 + l. Calculate the highest common factor of 9 and g.
9
Let a(u) = -u**3 - 2*u**2 + 2*u + 4. Let p be a(-3). Let w be (-2)/p + 74/14. Calculate the highest common factor of 45 and w.
5
Let x be ((-6)/(-4) + -1)/(6/84). Calculate the highest common divisor of x and 70.
7
Let h(d) = -2*d + 2. Let w be h(0). Suppose v - 13 = w*a, 4*v - 64 = -a + 6. Calculate the highest common factor of v and 17.
17
Let b be 2 + 1*(0 - -6). What is the highest common divisor of 8 and b?
8
Let m be 2 - (-3)/((-3)/4). Let w(j) = -38*j + 1. Let t be w(m). Suppose -3*i + i + 22 = 0. What is the greatest common divisor of i and t?
11
Let z(y) = 24*y + 4. Let o(l) = -l. Let k(a) = -12*o(a) - z(a). Let v be k(-5). Suppose -r + 14 = r. Calculate the greatest common factor of r and v.
7
Suppose 4*j - x - 31 = 0, 4*j + 6*x - 5*x = 33. Calculate the highest common factor of 56 and j.
8
Suppose 2*t - w - 20 = 5, 0 = -2*w - 6. Calculate the greatest common divisor of 121 and t.
11
Suppose 635 + 253 = -4*p. Let a = 337 + p. Suppose 4*w - a = -19. Calculate the greatest common factor of w and 16.
8
Let s be (2/4)/((-2)/(-80)). Let d(a) = -34*a + 1. Let y be d(-2). Let i = y - 19. What is the highest common divisor of i and s?
10
Let h be (0 - (-15)/6)*32. Let j(f) = f + 7. Let t be j(-5). Suppose -a - 2*d + d + 32 = 0, t*a = -3*d + 64. Calculate the greatest common factor of a and h.
16
Let y be 4/12 - (-321)/9. What is the greatest common factor of y and 9?
9
Let f(l) = 4 + l + 1 + 10. Let j be f(-7). What is the greatest common factor of j and 8?
8
Let k = -137 + 209. Calculate the greatest common divisor of 48 and k.
24
Let c(i) = 3*i**2 - i + 2. Let f be c(2). Let h(d) be the second derivative of 4*d**3/3 + 5*d. Let z be h(6). What is the highest common factor of f and z?
12
Suppose -112 = -4*a - 2*s, 2*a - 67 = 2*s + 1. C